{"id":104,"date":"2014-06-04T00:58:13","date_gmt":"2014-06-04T00:58:13","guid":{"rendered":"http:\/\/meincello.de\/?page_id=104"},"modified":"2021-09-29T14:31:25","modified_gmt":"2021-09-29T14:31:25","slug":"termine","status":"publish","type":"page","link":"https:\/\/meincello.de\/?page_id=104","title":{"rendered":"Aktuelles"},"content":{"rendered":"\n<figure class=\"wp-block-image size-full\"><a href=\"https:\/\/meincello.de\/wp-content\/uploads\/2021\/09\/210929-gdm-lena-konzert-kirche.jpg\"><img loading=\"lazy\" decoding=\"async\" width=\"768\" height=\"592\" src=\"https:\/\/meincello.de\/wp-content\/uploads\/2021\/09\/210929-gdm-lena-konzert-kirche.jpg\" alt=\"\" class=\"wp-image-338\" srcset=\"https:\/\/meincello.de\/wp-content\/uploads\/2021\/09\/210929-gdm-lena-konzert-kirche.jpg 768w, https:\/\/meincello.de\/wp-content\/uploads\/2021\/09\/210929-gdm-lena-konzert-kirche-300x231.jpg 300w\" sizes=\"auto, (max-width: 768px) 100vw, 768px\" \/><\/a><\/figure>\n\n\n\n<p><strong>2021<\/strong><\/p>\n\n\n\n<figure class=\"wp-block-image size-large\"><a href=\"https:\/\/meincello.de\/wp-content\/uploads\/2021\/09\/210910-lena-schaan-konzert-scaled.jpg\"><img loading=\"lazy\" decoding=\"async\" width=\"726\" height=\"1024\" src=\"https:\/\/meincello.de\/wp-content\/uploads\/2021\/09\/210910-lena-schaan-konzert-726x1024.jpg\" alt=\"\" class=\"wp-image-334\" srcset=\"https:\/\/meincello.de\/wp-content\/uploads\/2021\/09\/210910-lena-schaan-konzert-726x1024.jpg 726w, https:\/\/meincello.de\/wp-content\/uploads\/2021\/09\/210910-lena-schaan-konzert-213x300.jpg 213w, https:\/\/meincello.de\/wp-content\/uploads\/2021\/09\/210910-lena-schaan-konzert-768x1083.jpg 768w, https:\/\/meincello.de\/wp-content\/uploads\/2021\/09\/210910-lena-schaan-konzert-1089x1536.jpg 1089w, https:\/\/meincello.de\/wp-content\/uploads\/2021\/09\/210910-lena-schaan-konzert-1452x2048.jpg 1452w, https:\/\/meincello.de\/wp-content\/uploads\/2021\/09\/210910-lena-schaan-konzert-scaled.jpg 1816w\" sizes=\"auto, (max-width: 726px) 100vw, 726px\" \/><\/a><\/figure>\n\n\n<p><strong>2018<\/strong><\/p>\n<p>&nbsp;<\/p>\n<p>&nbsp;<\/p>\n<p><strong>2017<\/strong><\/p>\n<div class=\"moz-text-html\" lang=\"x-unicode\">\n<div>\n<div>\n<p>20.09.2017<br>\n<strong>Auftritt im Museum Eschborn<\/strong><\/p>\n<p><a href=\"https:\/\/meincello.de\/wp-content\/uploads\/2017\/10\/Kritik-20.9.17.jpg\"><img loading=\"lazy\" decoding=\"async\" class=\"alignnone size-medium wp-image-298\" src=\"https:\/\/meincello.de\/wp-content\/uploads\/2017\/10\/Kritik-20.9.17-300x295.jpg\" alt=\"\" width=\"300\" height=\"295\" srcset=\"https:\/\/meincello.de\/wp-content\/uploads\/2017\/10\/Kritik-20.9.17-300x295.jpg 300w, https:\/\/meincello.de\/wp-content\/uploads\/2017\/10\/Kritik-20.9.17-768x755.jpg 768w, https:\/\/meincello.de\/wp-content\/uploads\/2017\/10\/Kritik-20.9.17-1024x1007.jpg 1024w\" sizes=\"auto, (max-width: 300px) 100vw, 300px\" \/><\/a><\/p>\n<p>&nbsp;<\/p>\n<p>20.08.2017<br>\n<strong>Hl.Messe zum Andenken an Frau Marie-Elfriede und Hans-Errich Dotter<\/strong><br>\nG.H\u00e4ndel Singe Seele Gott zum Preise<br>\nC.Frank Panis Angelicus<br>\nG.H\u00e4ndel Meine Seele h\u00f6rt im Sehen<\/p>\n<p>30.06.2017<br>\nDrei Lindenschule, Neuenhain<br>\n<strong>Auftritt der Streichergruppe<\/strong><\/p>\n<p>21.04.2017<br>\nKinderzeitschule, Schwalbach<br>\n<strong>Klassik f\u00fcr die Kinder<\/strong><\/p>\n<p>31.03.2017<br>\nDrei Linden Schule, Neuenhain<br>\n<strong>Auftritt der Streichergruppe<\/strong><\/p>\n<\/div>\n<\/div>\n<\/div>\n<p><strong>2016<\/strong><\/p>\n<p><strong>Sonntag, 11. Dezember 2016, 19:30 Uhr<\/strong><br>\nRamada Hotel, Bad Soden, K\u00f6nigsteiner Stra\u00dfe 88<br>\nWeihnachtskonzert<br>\nJ.S. BACH: Kantate \u201eChristen, \u00e4tzet diesen Tag\u201c, BWV 63<br>\nJ.S. BACH: Konzert f\u00fcr Oboe d\u2018amore und Orchester, BWV 1055<br>\nA.VIVALDI: \u201eMagnificat\u201c<br>\nSolisten:<br>\nC\u00e4cilia Kr\u00e4mer, Oboe d\u2018amore<br>\nRahel Maas, Sopran<br>\nSarah Mehnert, Alt<br>\nAljoscha Lennert, Tenor<br>\nHeinz Vogel, Bass<br>\nChor und Orchester der GdM<br>\nLeitung: Franz Josef Staab<\/p>\n<p><strong>Samstag, 26. November 2016, 15:00 Uhr<\/strong><br>\nLiederbachhalle, Wachenheimer Stra\u00dfe, 65835 Liederbach a. Ts.<br>\n40 Jahre Musikschule Schwalbach<\/p>\n<p><strong>Sonntag, 5. Juni 2016 , 19:00 Uhr<\/strong><br>\nKath. Kirche St. Katharina, Bad Soden<br>\n<strong>Orchesterkonzert<\/strong><strong> der GdM<\/strong><br>\nW.A. Mozart Requiem KV 626<\/p>\n<p><strong>2015<\/strong><\/p>\n<p><strong>Sonntag, 13. Dezember 2015, 17:00 Uhr<\/strong><br>\nRamada Hotel, Bad Soden, K\u00f6nigsteiner Stra\u00dfe 88<br>\nJ.S. Bach &#8211; Weihnachtsoratorium<\/p>\n<p><strong>Samstag, dem 28. November 2015, 17.00 Uhr<\/strong><br>\nLiederbachhalle, Wachenheimer Stra\u00dfe, 65835 Liederbach a. Ts.<br>\nTraditionelles Adventskonzert in Liederbach<\/p>\n<div class=\"content\">\n<div class=\"visual_balken\"><strong>Sonntag, 11. Oktober 2015, 19:00 Uhr<\/strong><\/div>\n<div class=\"visual_balken\">Ramada Hotel, Bad Soden, K\u00f6nigsteiner Stra\u00dfe 88<br>\n<strong>Orchesterkonzert<\/strong><strong> der GdM<\/strong><br>\n\u2022 J.S. BACH: Brandenburgisches Konzert Nr. 3, G-Dur, BWV 1048<br>\n\u2022 W.A. MOZART: Konzert f\u00fcr Violine und Orchester G-Dur, KV 216<br>\n\u2022 W.A. MOZART: Sinfonie A-Dur, KV 201<br>\nSolist: Antonio Pellegrini, Violine<br>\nLeitung Franz Josef Staab<\/div>\n<\/div>\n<div class=\"content\"><\/div>\n<p><strong><br>\n18.07. Sa 17 Uhr &#8211; Tag der offenen T\u00fcr Musikschule Schwalbach<\/strong><\/p>\n<p><strong>21.06. So 10 Uhr &#8211; Die Gesellschaft der Musikfreunde spielt im Rahmen des Stiftungsgottesdienstes in der evangelischen Kirche in Bad Soden<\/strong><br>\n<strong>&nbsp;<\/strong><br>\n<strong>31.05. So 19 Uhr &#8211; Oratorienkonzert &#8211; Bad Soden &#8211; Kath. Kirche St. Katharina<\/strong><br>\nBRAHMS:&nbsp;&nbsp;&nbsp; Ein deutsches Requiem, op. 45<br>\nSolisten:<br>\nSophie Klu\u00dfmann, Sopran<br>\nHeinz Vogel, Bass<br>\nChor und Orchester der GdM<\/p>\n<p><a href=\"http:\/\/www.kreisblatt.de\/lokales\/main-taunus-kreis\/Sie-erfreuen-die-Besucher;art676,1427194\">Hier Pressestimmen<\/a><\/p>\n<p><a href=\"https:\/\/meincello.de\/wp-content\/uploads\/2014\/06\/GdM-Konzert_BadSodenerZeitung.pdf\">GdM-Konzert_BadSodenerZeitung<\/a><\/p>\n<p><strong>14.03. Sa 18 Uhr &#8211; Sch\u00fclerkonzert &#8211; Musikschule Schwalbach &#8211; Liederbachhalle<br>\n<\/strong><\/p>\n<p><a href=\"http:\/\/www.musikschuleschwalbach.de\/2015\/03\/bei-musik-auf-wunsche-der-kinder-eingehen\/\">Hier der Bericht<\/a><\/p>\n<p>&nbsp;<\/p>\n<p><strong>2014<\/strong><\/p>\n<p><a href=\"https:\/\/meincello.de\/wp-content\/uploads\/2014\/12\/cropped-logo-musikschule.png\"><img loading=\"lazy\" decoding=\"async\" class=\"alignnone size-medium wp-image-234\" src=\"https:\/\/meincello.de\/wp-content\/uploads\/2014\/12\/cropped-logo-musikschule-300x142.png\" alt=\"cropped-logo-musikschule\" width=\"300\" height=\"142\" srcset=\"https:\/\/meincello.de\/wp-content\/uploads\/2014\/12\/cropped-logo-musikschule-300x142.png 300w, https:\/\/meincello.de\/wp-content\/uploads\/2014\/12\/cropped-logo-musikschule.png 380w\" sizes=\"auto, (max-width: 300px) 100vw, 300px\" \/><\/a><\/p>\n<p><strong>Erster gemeinsamer Auftritt der Streicherklassen<\/strong><\/p>\n<p>Im Rahmen des Adventskonzerts der Musikschule Schwalbach in der Liederbachhalle in Liederbach pr\u00e4sentierte sich zum ersten Mal das gemeinsame Streich-Orchester von drei Grundschulen: Liederbachschule, Drei-Linden-Schule und Georg-Kerschensteiner-Schule. \u00dcber 40 Kinder standen im gut gef\u00fcllten Saal der Liederbachhalle auf der B\u00fchne. Sie zeigten, was sie in diesem und letzten Schuljahr gelernt hatten. Die lustigen Lieder \u201eOld McDonald\u2019s had a farm\u201c und \u201eJingle Bells\u201c wurden mit viel Elan vor dem begeisterten Publikum vorgetragen. Auch zwei Lehrerinnen, Frau Cevik-Erdem und Frau Voznyuk-Wei\u00dfbrodt, begleiteten das Orchester auf dem Kontrabass und dem Cello. Frau Hartwigk hat bei der Organisation der gelungenen Veranstaltung geholfen.<\/p>\n<p>Ceyda Meral und Marvin G\u00f6nner mit dem Kontrabass und Thilo Cruchon mit dem Cello haben sich getraut, auch solo vorzuspielen. Die Vortragsst\u00fccke, Weihnachtslieder und alte T\u00e4nze, wurden vom Publikum mit einem Sonderapplaus belohnt. Auch der Auftritt des Cello-Quartetts von Manuel Bierer, Paul Appel, Robin Kerber und der Lehrerin Frau Voznyuk-Wei\u00dfbrodt hat dem Publikum sehr gut gefallen. Alle Kinder erhalten ihren Unterricht im Rahmen des Projekts \u201eKultur macht stark\u201c. Viele planen nach dem Ablauf des Projekts am Ende des Schuljahres weiter Musik zu machen und gemeinsam zu musizieren.<\/p>\n<p>Nach dem Auftritt wurden alle Teilnehmer mit kleinen Geschenken belohnt. Aber auch ohne Geschenke war das Konzert eine sch\u00f6ne musikalische Bescherung zum 1. Advent.<\/p>\n<p>1. Dezember 2014<\/p>\n<p><strong>07.12. So 10 Uhr &#8211; Sch\u00fclerkonzert &#8211; Bad Soden &#8211; Evangelische Kirche<\/strong><br>\n<strong> 14.12. So 19 Uhr \u2013 Weihnachtskonzert &#8211; Haydn, Vivaldi, Brahms &#8211; Bad Soden &#8211; Ramada<br>\n<\/strong><\/p>\n<p>&nbsp;<\/p>\n<p>&nbsp;<\/p>\n<p>&nbsp;<\/p>\n<p>&nbsp;<\/p>","protected":false},"excerpt":{"rendered":"<p>2021 2018 &nbsp; &nbsp; 2017 20.09.2017 Auftritt im Museum Eschborn &nbsp; 20.08.2017 Hl.Messe zum Andenken an Frau Marie-Elfriede und Hans-Errich Dotter G.H\u00e4ndel Singe Seele Gott zum Preise C.Frank Panis Angelicus G.H\u00e4ndel Meine Seele h\u00f6rt im Sehen 30.06.2017 Drei Lindenschule, Neuenhain Auftritt der Streichergruppe 21.04.2017 Kinderzeitschule, Schwalbach Klassik f\u00fcr die Kinder 31.03.2017 Drei Linden Schule, Neuenhain &hellip; <a href=\"https:\/\/meincello.de\/?page_id=104\" class=\"more-link\"><span class=\"screen-reader-text\">Aktuelles<\/span> weiterlesen <span class=\"meta-nav\">&rarr;<\/span><\/a><\/p>\n","protected":false},"author":1,"featured_media":0,"parent":0,"menu_order":0,"comment_status":"closed","ping_status":"closed","template":"","meta":{"footnotes":""},"class_list":["post-104","page","type-page","status-publish","hentry"],"_links":{"self":[{"href":"https:\/\/meincello.de\/index.php?rest_route=\/wp\/v2\/pages\/104","targetHints":{"allow":["GET"]}}],"collection":[{"href":"https:\/\/meincello.de\/index.php?rest_route=\/wp\/v2\/pages"}],"about":[{"href":"https:\/\/meincello.de\/index.php?rest_route=\/wp\/v2\/types\/page"}],"author":[{"embeddable":true,"href":"https:\/\/meincello.de\/index.php?rest_route=\/wp\/v2\/users\/1"}],"replies":[{"embeddable":true,"href":"https:\/\/meincello.de\/index.php?rest_route=%2Fwp%2Fv2%2Fcomments&post=104"}],"version-history":[{"count":30,"href":"https:\/\/meincello.de\/index.php?rest_route=\/wp\/v2\/pages\/104\/revisions"}],"predecessor-version":[{"id":339,"href":"https:\/\/meincello.de\/index.php?rest_route=\/wp\/v2\/pages\/104\/revisions\/339"}],"wp:attachment":[{"href":"https:\/\/meincello.de\/index.php?rest_route=%2Fwp%2Fv2%2Fmedia&parent=104"}],"curies":[{"name":"wp","href":"https:\/\/api.w.org\/{rel}","templated":true}]}}